visor of 104 and 7723872.
104
Calculate the greatest common divisor of 127 and 2923748153.
127
Calculate the greatest common factor of 14744 and 12196974.
3686
Calculate the highest common divisor of 7533635 and 3485.
85
Calculate the highest common divisor of 837 and 1254440916.
279
What is the greatest common divisor of 774 and 112392?
18
Calculate the greatest common factor of 432 and 70105878.
54
Calculate the greatest common factor of 13025220 and 45.
15
Calculate the greatest common divisor of 623136 and 1552.
16
What is the greatest common divisor of 1010266272 and 33408?
8352
What is the greatest common divisor of 4692870 and 46683?
2457
Calculate the greatest common divisor of 319 and 2690402.
11
What is the greatest common factor of 527653863 and 99?
99
What is the greatest common divisor of 39524 and 16154?
82
Calculate the highest common factor of 291 and 1738240.
97
Calculate the greatest common factor of 4039211 and 8261.
11
Calculate the highest common divisor of 34479 and 24308972.
1277
What is the greatest common factor of 476829976 and 18762?
6254
Calculate the greatest common factor of 215166 and 65953502.
10246
Calculate the greatest common divisor of 982 and 3678716354.
982
What is the highest common factor of 485279 and 133?
19
What is the greatest common divisor of 21952 and 136736?
32
What is the greatest common factor of 1166 and 8281356?
106
Calculate the greatest common divisor of 6145512 and 120.
24
Calculate the greatest common divisor of 1947 and 4356501.
177
Calculate the greatest common divisor of 408 and 57331344.
408
Calculate the greatest common divisor of 351762877 and 482.
241
What is the greatest common divisor of 98934 and 8756?
22
What is the highest common factor of 4743995 and 56?
1
What is the highest common factor of 15021214 and 2600?
26
Calculate the highest common divisor of 19280224 and 5024.
32
Calculate the greatest common factor of 13371120 and 6615.
2205
Calculate the greatest common divisor of 24416 and 3119424.
224
Calculate the highest common divisor of 174 and 154030542.
174
What is the highest common divisor of 1657605 and 4695?
15
Calculate the greatest common divisor of 749308894 and 830.
166
Calculate the greatest common factor of 86 and 37267498.
86
What is the greatest common factor of 4543946 and 1364?
22
Calculate the highest common factor of 12 and 1781484.
12
What is the greatest common factor of 618084 and 118?
118
What is the highest common divisor of 330625 and 1087250?
125
Calculate the greatest common factor of 664420 and 5726440.
4780
What is the greatest common factor of 143212372 and 538?
538
What is the greatest common divisor of 20042 and 48026?
22
Calculate the highest common factor of 129335992 and 46.
46
What is the greatest common divisor of 912 and 4630224?
912
What is the highest common factor of 2458981 and 356?
89
What is the greatest common divisor of 81599889 and 399?
399
Calculate the greatest common divisor of 1207800 and 62136.
72
Calculate the greatest common divisor of 757 and 215998.
1
What is the highest common divisor of 6117124 and 1170?
26
Calculate the highest common divisor of 12 and 2524866.
6
Calculate the highest common divisor of 187321368 and 10608.
5304
Calculate the highest common factor of 786144898 and 462.
154
Calculate the greatest common divisor of 523296 and 7347.
237
What is the greatest common factor of 11422010 and 10?
10
Calculate the highest common divisor of 9512 and 347536.
232
Calculate the greatest common divisor of 1702330 and 867573.
2051
What is the greatest common factor of 11615504 and 7052?
172
What is the greatest common factor of 2669 and 182716?
17
Calculate the greatest common factor of 6195 and 36262875.
885
Calculate the greatest common factor of 21146350 and 50.
50
Calculate the greatest common divisor of 181630 and 4047248.
886
Calculate the highest common divisor of 38119149 and 36.
9
What is the greatest common divisor of 46910832 and 7476?
1068
What is the highest common divisor of 735 and 22869?
21
What is the highest common factor of 1816533 and 280611?
513
What is the highest common factor of 1850 and 9132710?
370
What is the greatest common divisor of 2160704 and 44786?
98
Calculate the greatest common factor of 105592 and 327094.
134
What is the highest common factor of 31986 and 24721624?
3554
Calculate the highest common factor of 7648629 and 8181.
303
What is the highest common factor of 18601 and 396397?
19
Calculate the highest common factor of 120377 and 459973.
73
Calculate the greatest common factor of 38246429 and 39.
13
Calculate the highest common factor of 36955 and 224213376.
7391
Calculate the greatest common factor of 188494 and 4838118.
158
What is the highest common divisor of 5320000 and 175?
175
Calculate the highest common divisor of 76012 and 18.
2
Calculate the greatest common divisor of 699016 and 41400.
184
Calculate the highest common factor of 286 and 40870104.
22
What is the highest common divisor of 46772 and 1442716?
44
Calculate the greatest common factor of 780 and 24637980.
60
What is the highest common factor of 1235 and 9748843?
247
Calculate the highest common factor of 6234666 and 486.
6
Calculate the highest common divisor of 9420 and 27066800.
3140
Calculate the highest common factor of 7159560 and 195.
15
What is the greatest common factor of 1341666 and 13376?
38
What is the greatest common divisor of 604412 and 4452?
212
Calculate the highest common factor of 4524 and 171982992.
348
Calculate the greatest common divisor of 1089 and 71284125.
363
What is the highest common factor of 2189635 and 2555?
2555
Calculate the highest common factor of 15930 and 1178411130.
5310
What is the highest common divisor of 144 and 8369064?
72
Calculate the highest common divisor of 76 and 466567078.
38
Calculate the highest common divisor of 470 and 116260.
10
Calculate the highest common factor of 18011 and 963298.
581
What is the greatest common divisor of 917 and 1097?
1
What is the greatest common factor of 510 and 57655245?
255
Calculate the highest common divisor of 3640 and 53051180.
1820
Calculate the greatest common divisor of 561224 and 803.
73
Calculate the highest common factor of 163719504 and 7296.
912
Calculate the greatest common factor of 1066539 and 9.
3
Calculate the greatest common factor of 22179 and 17049.
3
Calculate the highest common factor of 7021 and 291193.
119
Calculate the greatest common divisor of 414 and 7474428.
18
What is the highest common divisor of 504 and 10741500?
252
Calculate the highest common divisor of 119575338 and 6.
6
Calculate the highest common factor of 4091626 and 10822.
14
What is the greatest common factor of 363870 and 307008?
234
What is the highest common factor of 51096 and 1689504?
24
What is the greatest common divisor of 470 and 686332?
2
Calculate the highest common divisor of 2300880 and 330.
30
What is the highest common factor of 501 and 327988?
167
What is the highest common factor of 1208662 and 273?
91
What is the greatest common divisor of 18905 and 6935?
95
What is the highest common divisor of 27245 and 9635?
5
Calculate the greatest common divisor of 41413100 and 100.
100
What is the highest common factor of 19498801 and 923?
71
Calculate the highest common divisor of 92909925 and 11850.
5925
Calculate the greatest common divisor of 7531 and 50859501.
443
What is the greatest common factor of 4734 and 735874?
526
Calculate the greatest common factor of 18125 and 73145.
5
What is the greatest common divisor of 8628 and 17426?
2
Calculate the greatest common divisor of 61713652 and 8008.
4004
What is the greatest common factor of 40468 and 384044?
268
Calculate the greatest common divisor of 375452676 and 696.
348
Calculate the highest common factor of 81795 and 4941615.
1995
What is the highest common factor of 312 and 5256594?
6
What is the greatest common factor of 16601128 and 8240?
824
What is the greatest common divisor of 5142 and 84700738?
1714
Calculate the highest common factor of 658108 and 4620.
44
Calculate the greatest common factor of 40936 and 8732612.
1204
What is the greatest common divisor of 241019 and 493?
29
Calculate the highest common divisor of 4921462 and 728.
182
Calculate the gre